-1 - -2)?
-4
What is 1 + -2 + -1 + (-2 - 1)?
-5
-2 + 1 + (4 - (5 - -1))
-3
-1 - (7 + -8 + 4)
-4
What is -1 + 5 + (0 - 0)?
4
-3 + (3 - (8 + -4)) - -3
-1
Calculate (1 - 2) + -1 + -3.
-5
Evaluate (-10 - 1 - 1 - -2) + 5.
-5
What is the value of (5 - 20) + (1 - -9)?
-5
What is 0 - (8 + -6 - -3)?
-5
What is the value of -11 + (-6 - -23) + (-6 - 0)?
0
Calculate -6 - -6 - (6 - 3).
-3
What is 5 + 1 - (5 - 5)?
6
What is 0 - (7 + -2 + -3 - -6)?
-8
0 - (3 - (1 - (7 - 11)))
2
Evaluate -4 + 0 + -7 + (-3 - -7).
-7
Calculate -69 - -64 - (-1 - 2 - 9).
7
Calculate -3 - (8 - -5 - 21).
5
(-1 + 5 - -6) + -3
7
What is the value of (-8 + 2 - -15) + -5?
4
(76 - 80) + (-1 - -2)
-3
0 + 3 + 3 - 2 - -1
5
Calculate 147 + -161 - (0 + -10).
-4
Evaluate 23 + -20 + 1 + -1.
3
What is the value of 9 + -4 - (-3 - (-4 - 1))?
3
What is 0 - (3 + (-2 - 7))?
6
What is the value of 1 + -10 + -10 + 16?
-3
What is the value of -9 - -18 - 17 - -2?
-6
Evaluate -4 + 5 - (2 + -2 + 3).
-2
What is 4 + -2 + (-2 - -3 - -2)?
5
What is the value of (89 - 83) + (-2 + 2 - 11)?
-5
What is the value of (-4 - (-2 + (-3 - -4))) + -2?
-5
What is 0 + -9 + 3 - -9?
3
What is (-1 - -11) + -1 + -7?
2
(0 - -4) + -1 - 1
2
-4 + -3 + 6 + 0 + 2
1
-2 + 4 + 7 + (-28 - -24)
5
0 - (-3 + 17 + -6 + -2)
-6
(5 - 1) + (-8 - -7)
3
What is the value of (1 - 16 - -13) + (6 - 0)?
4
What is the value of (0 - 1) + (-12 - -10)?
-3
Calculate -1 - (-7 + 1 - 0).
5
Evaluate -1 - (-1 - 0 - 1) - 0.
1
Calculate -9 + -4 + 9 - 3.
-7
What is 0 - (0 - (-1 + 3 - -1))?
3
What is the value of 8 - (-1 - -6 - 3)?
6
What is -1 + -5 - (3 - 10 - -2)?
-1
43 + -49 - (-6 - 1)
1
What is the value of 1 + 4 - 3 - (1 + 2)?
-1
Evaluate 5 - (5 - (-9 + 8)) - 1.
-2
-8 + -8 - -9 - -5
-2
Evaluate 0 + -2 + 0 + (1 - -3).
2
Evaluate (-3 - 0 - (24 - 24)) + 3.
0
What is (-7 - -11 - 0) + 1 + -1?
4
What is the value of -1 + (6 - 4 - 7) + 9?
3
Calculate -2 - (-9 + (6 - 5)) - 8.
-2
What is the value of 3 - (7 - -5) - (-5 - -1)?
-5
Calculate 2 - 10 - (9 - (-2 + 15)).
-4
Calculate (-2 - 0) + -11 + -16 + 19.
-10
Calculate -2 - -5 - (0 + (1 - 1)).
3
Evaluate -9 + 11 + -4 + 9.
7
What is -1 + (-3 - -6) + 3?
5
What is (1 + -6 - -6) + 5 - 6?
0
What is -3 + 8 + (15 - 27)?
-7
(1 - 0) + -2 + 3 + -3
-1
What is 12 + (20 - 10) + -31?
-9
Evaluate (4 - 1) + (-23 - -16).
-4
What is -3 - 0 - (3 + 0 - 2)?
-4
-1 + 0 + 6 - (-41 + 42)
4
12 - (-3 + 2 + -1 + 7)
7
(-8 - ((-4 - -8) + -3)) + -1
-10
Calculate (0 - -1) + (0 - (8 + -8)).
1
What is 4 - (2 - -3 - (-6 - -5))?
-2
Calculate 5 - (5 - 4 - 1).
5
What is the value of (-9 + 1 - (7 + -10)) + 2?
-3
-1 - 19 - (-11 + -1)
-8
15 + 3 + -9 + -6
3
Evaluate 7 + (-8 - -16) + -6.
9
Calculate 6 - (-6 - (5 - 10) - -4).
3
What is -2 + (4 - (2 - (-2 + 0)))?
-2
What is the value of 5 + (-13 + 8 + 1 - 1)?
0
4 - (5 + -4 - -4 - 4)
3
Calculate 0 - 4 - -1 - (-2 - -1).
-2
4 - 2 - (-1 - (0 + 1))
4
Calculate 106 + -113 + (2 - (0 - -2)).
-7
-1 + 2 - (0 + 2 - -3)
-4
Calculate -24 + 11 - (3 - 11).
-5
What is -1 + (3 + 1 - 0)?
3
What is -2 + -3 + 4 + 1 + 1?
1
Calculate 0 + (3 - 3) - -1.
1
0 + -2 - -3 - (-2 - -5)
-2
What is the value of 1 + -3 - (1 - (1 - 0))?
-2
4 - (-6 + 4 + 7)
-1
What is 2 + 5 + (6 - 9)?
4
Calculate (-20 - -10) + (7 - -2).
-1
What is the value of (-5 - -3 - 4) + 11?
5
6 - -5 - 16 - (-1 - 1)
-3
What is the value of -1 + 0 + -4 + 2 - -6?
3
(5 - -1) + -2 + -7
-3
Evaluate -1 - (-7 - (1 - 2)).
5
5 - (7 - (-3 - -5))
0
What is the value of -4 + 3 + 3 - -3?
5
Evaluate -1 - (3 - 3 - 4).
3
What is -4 + 4 - (4 + -4 + -4)?
4
Calculate 5 - -5 - (2 - 0).
8
Evaluate (-4 - -12 - 0) + -10.
-2
Calculate -2 + (-9 - (10 + -28)).
7
What is the value of -1 + (-2 - (7 + -5))?
-5
What is 17 + -18 + -4 + 2?
-3
What is the value of (3 - -2) + -5 + 6 + 0?
6
Evaluate 1 + 26 + -22 - (5 + 0).
0
What is the value of 5 - (-2 + 3) - -2 - 6?
0
Evaluate 1 - (5 + (4 + -8 - -4)).
-4
Calculate 1 - 0 - -1 - 2 - -1.
1
-4 - -1 - (-1 + (0 - 2))
0
Calculate -19 - -24 - (0 + 3 - 2).
4
What is 4 + (-3 - 7) - -5?
-1
Calculate -6 + 6 - (-8 - -1).
7
What is 0 + 2 + -3 + -1 + 6?
4
Evaluate -1 - (11 + -21 - (-4 - 1)).
4
What is the value of -6 + 10 + (-4 - (-3 - 0))?
3
What is the value of -5 + -8 + 5 + 0?
-8
Calculate 4 + 1 + (7 - 0 - 18).
-6
2 + 4 - (15 + -11)
2
Calculate -6 - 7 - -9 - (-8 - -1).
3
(15 - 18) + (-3 - -1) - -4
-1
Calculate 4 - (-4 - (4 - 16)).
-4
1 + 3 + -4 + 0 + 2
2
What is the value of 4 - (-3 - -6) - (-1 - -2)?
0
Calculate 2 - (0 + (-4 - -1)).
5
What is the value of 14 + (-2 - 4) - (2 + 6)?
0
What is the value of (6 - (-3 + 2)) + 9 + -12?
4
What is the value of -1 + -1 - -2 - (-5 + 0)?
5
What is 6 + -2 + (1 - (3 + 3))?
-1
Evaluate -2 + -6 + 13 + (-5 - -2).
2
What is (1 - (4 - 0)) + 8?
5
Calculate 1 - 4 - (-2 - -2) - -4.
1
Evaluate (-2 + 2 - 2) + (-39 - -34).
-7
Calculate -8 - ((0 - -6) + -17).
3
Calculate 3 - (4 + -2 + 5) - -2.
-2
What is the value of (-2 - -3) + -7 + 2?
-4
Calculate (0 + -6 - -11) + -10.
-5
(-7 - -1) + (12 - 4)
2
What is the value of 3 - (3 + -3) - -7?
10
Evaluate 1 + (2 - 5) + 7 - 7.
-2
What is the value of -1 + 4 + (9 - (1 + 9))?
2
Evaluate 21 + -15 + 10 - 8.
8
What is the value of 4 - ((2 - 2) + 5)?
-1
(3 - ((7 - -1) + -7)) + -2
0
2 + 0 - (2 + -1 - -1)
0
(8 - 1) + 3 + -7
3
Calculate 3 - 1 - (2 + -3).
3
Evaluate (4 + -3 - 1) + -2 + 0.
-2
Evaluate -2 + 5 + 2 + -12.
-7
Evaluate 17 + -8 + (10 - 10).
9
Calculate 11 + -13 - (-4 - 0).
2
What is the value of 6 + 0 + 8 + -9?
5
Evaluate (-1 - -5 - 3) + -4.
-3
What is the value of 1 + 1 - (0 + 1)?
1
Evaluate (10 - 8) + -6 + 3.
-1
What is 1 + 0 + -3 + 7?
5
What is (5 - (-1 - 1)) + -2 - 15?
-10
What is 1 + -9 + (5 - 0)?
-3
What is -3 + -3 + 5 + -3?
-4
What is the value of -4 + 1 + -1 - -6 - 0?
2
What is the value of (-16 - -13) + (1 - 2)?
-4
Calculate -13 - (-4 + -1 + -4).
-4
What is the value of -12 - (3 - (4 - -9))?
-2
(-25 + 29 - (0 - -1)) + 1
4
What is 10 + -9 + -7 + 2?
-4
What is 90 + -89 + 2 + (0 - -1)?
4
What is -21 + (-10 - -38) + -14?
-7
Calculate 14 + -1 - (-29 + 46).
-4
Calculate (-12 - -19) + 1 - (5 + 0).
3
(-23 - -17) + 1 + 4 - -4
3
Calculate 9 + (1 + -5 - 3).
2
What is 1 - (-19 + 10) - 11?
-1
What is the value of (0 - 6) + -1 + 12?
5
2 + (1 - 1) + (41 - 39)
4
(-2 - -6) + -8 + (8 - 2)
2
What is the value of 2 + (-11 - 0 - -2)?
-7
Calculate -5 + 2 + 1 + (5 - 3).
0
What is the value of (-1 - (-2 + 1)) + 1 + -3?
-2
Evaluate (6 + -2 - 1) + 3 - 1.
5
What is 10 + -7 + 4 - 3 - 2?
2
What is (-5 - (-3 - (-1 - 3))) + 12?
6
1 + (-2 + 6 - 2)
3
Evaluate 2 + 1 - (0 + 11 + -12).
4
What is the value of 11 - (14 + 0) - (-1 - 7)?
5
What is the value of -2 - (4 + 4 + -7)?
-3
Calculate 7 - (-5 - (-19 + 0)).
-7
Calculate 3 - (22 - 11 - 9).
1
What is 2 - ((-3 - -14) + -4)?
-5
Calculate (-4 - 1) + 4 - 2.
-3
Calculate -9 + (-2 - (-3 + -3)) + -1.
-6
What is the value of 14 + -14 + 0 + 2 + -3?
-1
(36 - 33) + 1 + -2
2
What is (1 - 4) + 3 + 1?
1
-14 + -14 + 35 - (17 - 2)
-8
Evaluate -4 - (-3 - 2 - (-1 - 2)).
-2
9 - 3 - (-2 - -3)
5
Calculate (0 + 4 + -12 - -3) + 1.
-4
-5 + (-10 - -6) + 6
-3
-13 - (-16 - (-6 - 2))
-5
What is 5 - (-1 + 3) - 4?
-1
Calculate -1 + 1 - (7 + -7 - 1).
1
-7 + 17 + -7 + -6
-3
Calculate -1 - (-4 + (7 - -1) + 1).
-6
Evaluate 9 - (8 + 6) - (-12 + -1).
8
What is 15 + -15 + (1 - -1) + -7?
-5
Calculate (0 + 2 + -4 - 3) + 4.
-1
Calculate 0 + -5 - (13 - 21).
3
Evaluate (3 - -4 - 14) + 2.
-5
What is 4 - (2 + (8 - 4))?
-2
What is -2 + -7 + (12 - -1)?
4
What is the value of 4 + -4 + -3 + 4?
1
What is the value of -6 + 6 + 8 + -7?
1
What is the value of (4 - (-1 - -6)) + (-1 - -6)?
4
Calculate (-17 - (1 + -17)) + 0 + -2.
-3
What is -7 - -1 - (2 + -3)?
-5
What is (1 - -5) + 0 + -7?
-1
Evaluate (-2 - (-2 - -8)) + (-11 - -14).
-5
What is the value of 5 + (-9 - -14) + -14?
-4
1 + -2 + -1 + 22 + -19
1
Calculate (-25 - -26) + (2 - 2).
1
What is (5 - 9 - 3) + 2 + -1?
-6
What is (2 - 0) + 1 + -7 + 6?
2
What is -2 - -3 - (6 + 1)?
-6
Calculate 2 - ((-5 - -3 - -10) + -2).
-4
Calculate -12 + 13 + 5 + -5.
1
What is the value of -5 + 10 - (2 - (-21 - -7))?
-11
Evaluate -14 + -1 + 29 + -21.
-7
What is the value of (-1 - 2) + (6 - 2)?
1
Calculate -2 + 4 + 0 + 0.
2
What is the value of (16 - 10 - 10) + (-2 - 3)?
-9
What is the value of -2 - (2 - 12 - -2)?
6
-3 - (-3 + -8 + 5)
3
What is 10 - (-1 + -11 + 29)?
-7
What is the value of -9 + (9